 + 8 + 1 + 2
5
What is the value of -3 + 5 - (7 + 1 - 1)?
-5
-7 + (-2 - (2 - 4))
-7
What is the value of (1 - 1) + 0 + -13 + 4?
-9
Evaluate 0 + (0 - (0 + 4 + -1)).
-3
-1 - ((-3 - -7) + -7)
2
Evaluate 0 + (0 - -5 - 8).
-3
Evaluate (14 - (-1 - -7)) + -10.
-2
Calculate (0 - (3 + -1)) + -2 + -1.
-5
Calculate -2 - (2 + -5 - (3 - 3)).
1
What is the value of 9 - (6 + 7) - (-1 - 1)?
-2
Evaluate 11 + -12 + 0 + 1 + 0.
0
What is the value of 1 - -1 - (25 - (-8 + 40))?
9
Calculate (3 - 3) + 6 - 12.
-6
1 + (-11 - (-4 + 0))
-6
Calculate 6 + (-7 - -3) + -5.
-3
What is the value of 1 + 1 + 31 + -35?
-2
-1 - (2 + -1) - (0 - -1)
-3
Calculate -4 + 6 + -12 + 9.
-1
0 + ((4 - 7) + -2 - -4)
-1
2 + 12 + -6 + -8
0
What is the value of (24 - 3) + -7 + -10?
4
What is 18 + -8 + -11 + 2?
1
Calculate 4 - ((4 + -7 - 1) + 4).
4
Calculate -2 + -5 + 5 + (9 - 5).
2
Calculate -3 + 14 + (29 - 50).
-10
What is the value of -17 - -7 - -6 - -8?
4
What is the value of -3 + -14 - -6 - -7?
-4
What is the value of (-5 - -35) + -9 + -14?
7
(-1 - (-4 - -8)) + (1 - 1)
-5
2 - (9 + (3 - 6))
-4
(1 - (8 - 6)) + 4
3
What is -9 + (0 + 1 + 7 - -2)?
1
-10 + 7 + 6 - (1 - 0)
2
Evaluate -8 - (-9 + 6 + -9).
4
What is (-6 + 2 - (-8 + 2)) + -3?
-1
Evaluate -6 + (2 - -2 - 5).
-7
What is -12 - -3 - (-2 + -10 + 8)?
-5
What is 3 + (2 - 1) + -2 + 1?
3
Calculate -3 + (8 - (-4 - -7)).
2
What is -8 + (1 - (-3 + 3) - -5)?
-2
What is 0 + -3 + (7 + -3 - 6)?
-5
Evaluate (0 - (-5 + 1)) + 2.
6
What is the value of 0 + 4 - (3 + -2 + 1)?
2
(0 - (5 - 1)) + (5 - -7)
8
5 - (-3 - (-7 - 5)) - -3
-1
0 + -5 + (44 - 56) - -7
-10
What is -1 + (-15 - -11) + 3?
-2
What is 2 + 1 + 1 + -9?
-5
Evaluate (3 + -5 - -5) + (3 - 10).
-4
Evaluate -2 - 0 - (6 + -13).
5
(-1 - -4 - 0) + -6 + -1
-4
Evaluate (5 + 2 + -5 - -2) + -5.
-1
What is the value of 4 - 8 - -1 - 2?
-5
Evaluate -2 + (-1 - -4) - -1.
2
Evaluate (-14 + 10 - 2) + 4.
-2
Evaluate 2 + -10 - -2 - (-4 + 2).
-4
8 - (4 + 0 - -3)
1
What is the value of 6 - (-4 - (4 + -14))?
0
Evaluate -7 + 4 + (4 - 3 - 1).
-3
Calculate 3 + -3 + -6 + 6 + -3.
-3
-4 - (-3 + -1 + 5)
-5
-2 - ((4 - 5) + 0 + -3)
2
What is -4 - (9 + -1 + -7)?
-5
What is the value of (-1 + 6 - (-41 + 52)) + 13?
7
0 + 0 - (5 + -2 + -3)
0
-2 - -6 - (7 + -6) - -1
4
Evaluate 3 + -3 + -7 + 2.
-5
Calculate -8 + (-6 - -7 - -2).
-5
What is the value of (5 + -5 - 3 - 1) + -1?
-5
Evaluate -4 - (-1 + -6) - (3 - -1).
-1
What is the value of 2 - 1 - (0 + 18 + -21)?
4
(-1 - -6 - 1) + -9
-5
What is the value of -2 + -2 + (-10 + 3 - -7)?
-4
-3 - (-2 + 0) - 1
-2
0 + 9 + -8 - -9
10
What is the value of -3 + -3 + -1 - -7?
0
What is -3 + -1 + -2 + 8 + 0?
2
What is the value of 2 - (2 + -2) - (-16 - -19)?
-1
What is the value of -5 + 3 + (1 - -2) - 3?
-2
Calculate 5 + (3 - (-5 + 9)) - 3.
1
What is the value of -6 - (1 + -6 + -12 + 10)?
1
What is (-8 + 2 + 6 - -3) + 3?
6
Evaluate (-7 - -10) + 1 + 4 + -1.
7
Calculate -10 - (-8 - 2) - -7.
7
7 + 0 + 4 + -8 + 2
5
What is 2 + (1 - 5) - 0?
-2
Calculate (-2 - 3) + (-1 - -16 - 8).
2
What is the value of -4 - -3 - 3 - (-24 + 21)?
-1
Calculate -14 - ((-6 - -5) + -23).
10
-80 + 74 - (-6 - 0)
0
Calculate 0 - 9 - (13 + -17).
-5
0 - (-1 + 2) - 6
-7
Evaluate 2 - -2 - (3 + 2 - 3).
2
What is (3 - -2 - 4) + -2 + 5?
4
What is the value of -8 - -1 - (-15 + 22 + -11)?
-3
Evaluate (-3 - 3 - 2) + 3.
-5
Evaluate 4 + -5 - 2 - -3.
0
2 + 1 - ((-4 - -1) + 4)
2
What is the value of 25 + -16 + 1 + -5?
5
Evaluate -7 - -4 - (-4 - -1).
0
What is the value of -3 + (-3 - (-12 + 3))?
3
Calculate -6 + 4 - (1 + -6).
3
-3 + 4 + -2 + -3
-4
Calculate 2 - (-3 - -3 - 1).
3
-5 + 0 + (1 - -4)
0
Calculate -4 + 15 + (6 - 12).
5
What is the value of 5 - (12 - (-4 + 2 - -7))?
-2
Calculate 2 + -5 - (-1 - -1 - 3).
0
Evaluate -6 + 0 + (-10 - -9).
-7
What is the value of -3 + (0 - -3) + 5 + -2?
3
Evaluate 9 + -19 + -2 + 5.
-7
0 - (5 - 6) - 1
0
Calculate 0 + (1 - -2) + (5 - 14).
-6
Evaluate 9 + -6 + -1 + (0 - 1).
1
1 - (14 - 8) - (1 - 16)
10
Evaluate (-2 - (-5 - 1)) + (-1 - 0).
3
What is -45 + 50 - (5 - 1)?
1
What is the value of 4 + -2 + 4 + -7?
-1
Calculate (48 - 48) + -3 + -1.
-4
4 - ((4 - -13) + -7)
-6
-20 - -17 - (-4 - 0)
1
8 - (14 + (-9 - -3))
0
What is (-7 - -6) + 6 + -3?
2
-9 + -5 - (4 - (10 + -1))
-9
Evaluate (2 - 3 - -2) + -3.
-2
Evaluate (-3 - -1) + (30 + -17 - 6).
5
Calculate -3 + 0 + (-4 + 3 - -5).
1
Evaluate 3 + (2 - 7) - 3.
-5
5 - (-9 - -2) - 4 - 3
5
What is 3 - (5 + -1) - 4?
-5
Calculate 5 - 9 - -3 - (-4 - 1).
4
Calculate (4 + -1 + -1 - 0) + 3.
5
What is the value of -2 - (2 - (0 - -5))?
1
(-4 - 4) + (0 - -5) + -2
-5
What is the value of 5 - (1 + -1 - -8)?
-3
12 - (7 - -5 - 8)
8
Calculate (14 - 5) + -4 + -4 + 3.
4
9 - 2 - (-8 + 7 + 7)
1
Evaluate 2 - (-1 + 1 + 1 - 3).
4
What is the value of (1 - -6) + (-19 - -8)?
-4
What is the value of (-1 - -2) + -8 + 10 + -1?
2
What is the value of (-118 - -120) + -1 + -1?
0
What is the value of 9 + -9 + 3 + 1 + -2?
2
1 - (-6 + 2) - 3
2
Evaluate 8 + -3 - (5 - 2).
2
Calculate -6 + 15 + 3 + -10.
2
2 - (5 + -2 + -6 + 4)
1
What is the value of 6 + 4 - (0 + (3 - 1))?
8
Calculate 120 + -123 + 2 + 0.
-1
Calculate 3 + -2 - (3 + (0 - 0)).
-2
What is -2 - -1 - (-1 - 4)?
4
-9 + 6 + -2 + -3
-8
What is the value of (2 - 2) + (-2 + -2 - -4)?
0
What is 4 + (-6 + 12 - (20 - 4))?
-6
-4 + 1 + 0 + 1
-2
-4 - (6 + 3 + -7 + 2)
-8
Evaluate (9 - -3) + (0 - 9).
3
What is -2 + 5 - ((3 - 2) + 0)?
2
What is the value of (-1 - -1) + 6 - (15 - 14)?
5
What is -4 - -1 - (-5 + 10 - 0)?
-8
Evaluate -1 + 3 + (-5 - -8) - 2.
3
What is the value of 3 + (-3 - -1) - 3 - 1?
-3
(-7 - 2 - (-1 - 2)) + 1
-5
Evaluate -1 + 2 - (17 + -9).
-7
What is the value of -1 - (1 + 5 - 4)?
-3
Evaluate 2 - (6 + -2 + (-5 - 0)).
3
Calculate -13 + (7 - -1) - -8.
3
Evaluate 6 + -5 + (3 - 5 - -2).
1
What is (-1 - -6 - (2 - 1)) + -4?
0
What is the value of (6 - (-3 - 10)) + -13?
6
Evaluate 5 + (-2 - -1 - (2 - -4)).
-2
Calculate 3 + (-6 - (-7 - -3) - 5).
-4
-12 + 3 + 4 + 0 + 2
-3
What is the value of 1 - 1 - (-2 - 5 - -4)?
3
What is the value of 17 - 22 - (3 - (10 - 1))?
1
What is the value of 2 + 2 + -5 + 2 + 3?
4
Calculate (-5 - -13) + -5 - (4 - -1).
-2
(-6 - (-5 - -7)) + 2
-6
Calculate -6 - (1 + -5 + (1 - 2)).
-1
What is the value of (6 - 7) + 2 + 0?
1
Calculate 0 - (0 - ((-1 - -4) + -2)).
1
(-7 - (-1 + 7)) + (4 - -1)
-8
Evaluate -7 + 6 - 5 - (-4 - -1).
-3
What is 1 + -1 - 9 - (387 - 391)?
-5
What is 6 - 7 - (-4 + 2 + 2)?
-1
Calculate -9 - (-8 + 14 + -8).
-7
Calculate -2 - (-19 - -12 - 0).
5
What is -9 + (10 - 2) + 2?
1
What is -98 + 93 - (1 - (4 + -2))?
-4
What is -3 - (-1 + 5 + -12)?
5
What is the value of -14 + (11 - (-3 + 8)) + 2?
-6
What is -4 + -7 + (2 - -4)?
-5
Evaluate 5 + 3 + 0 + 2 + -1.
9
What is the value of 1 + (0 - -3) + (-2 - 2)?
0
What is 1 + 1 - (-5 + 6 - -3)?
-2
What is (23 - 11) + -1 + -8?
3
What is the value of -5 - -1 - (4 + -7)?
-1
Evaluate -6 + 4 + (-2 + 3 - 1).
-2
(-13 - -5) + 0 + 9
1
Evaluate -7 + (3 - -2) - (4 - 1).
-5
What is the value of -1 + 2 + (3 - 1)?
3
Evaluate -4 + -11 + 8 + 7.
0
Calculate 0 + 2 - (-2 - 3 - -2).
5
Calculate -5 + -1 + (-3 - (-10 + 4)).
-3
Evaluate 1 + -2 - -1 - -3.
3
Calculate 5 + (0 - (-2 + 3)) + 1.
5
Evaluate 7 + 0 + -6 + (7 - 6).
2
Evaluate -4 + 0 + 10 + -4 + 3.
5
-2 + -4 + 12 + 1 + -2
5
What is the value of -11 + (-4 - -5 - -4) - -6?
0
What is (-6 - 0) + 1 + 5 + -1?
-1
What is the value of -12 - (-4 + 1) - 0 - -4?
-5
Evaluate -6 - -16 - (5 + 2 + -2).
5
Evaluate 1 + (-6 - (3 - 3) - 0).
-5
Evaluate (-5 - (-6 - -1)) + -3 + 1.
-2
Calculate -5 + 7 + (3 - 6) + 4.
3
(7 - 6 - 0) + 5 - 5
1
4 + -3 - ((-3 - 0) + 3)
1
What is 13 - (10 - 4) - 14?
-7
What is 9 + (1 - 4) - 13?
-7
Calculate 2 + -2 + -1 + -2.
-3
Calculate -3 + 0 - (-4 + -3 - -12).
-8
What is 1 + -8 + (10 - 5)?
-2
Calculate (0 - 0 - 0) + 5.
5
Evaluate -1 + (10 - 9 - (-2 - 2)).
4
Evaluate 7 - (13 - 5 - 1).
0
Calculate 4 + 0 + -6 - -4 - 6.
-4
3 + 0 + (1 - -9) + -8
5
What is the value of -6 + (-12 - (-9 - 3))?
-6
What is the value of 4 + -2 + 1 - 6?
-3
What is 0 + -12 + 13 - (-4 - -1)?
4
(5 - 0) + -16 - -5
-6
Calculate 12 + (-2 - 3) + -5 + 2.
4
Evaluate 7 + 2 + -6 - 7.
-4
Evaluate -1 - (5 + -6) - -2.
2
Evaluate -3 - 0 - (4 + -4 + 0).
-3
Evaluate -1 - 2 - (-3 - (8 + -11)).
-3
2 + (5 + -4 + -1 - 5)
-3
What is the value of 0 + (-4 - 1 - (9 - 12))?
-2
Calculate -